{"id":10713,"date":"2024-09-19T09:21:58","date_gmt":"2024-09-19T07:21:58","guid":{"rendered":"https:\/\/raal.janlankas.com\/trans\/?page_id=10713"},"modified":"2025-04-23T20:44:51","modified_gmt":"2025-04-23T18:44:51","slug":"mobilni-aplikace","status":"publish","type":"page","link":"https:\/\/raal.janlankas.com\/trans\/mobilni-aplikace\/","title":{"rendered":"Mobiln\u00ed aplikace"},"content":{"rendered":"\t\t<div data-elementor-type=\"wp-page\" data-elementor-id=\"10713\" class=\"elementor elementor-10713\">\n\t\t\t\t        <section class=\"elementor-section elementor-top-section elementor-element elementor-element-d52edd8 elementor-section-stretched pxl-row-scroll-fixed elementor-section-boxed elementor-section-height-default elementor-section-height-default pxl-section-overflow-visible pxl-bg-color-none pxl-section-overlay-none\" data-id=\"d52edd8\" data-element_type=\"section\" data-e-type=\"section\" data-settings=\"{&quot;stretch_section&quot;:&quot;section-stretched&quot;}\">\n\n                \n                <div class=\"elementor-container elementor-column-gap-extended \">\n                <div class=\"elementor-column elementor-col-100 elementor-top-column elementor-element elementor-element-4e9c651 pxl-column-none pxl-column-overflow-hidden-no\" data-id=\"4e9c651\" data-element_type=\"column\" data-e-type=\"column\">\r\n        <div class=\"elementor-widget-wrap elementor-element-populated\">\r\n                     \r\n                <section class=\"elementor-section elementor-inner-section elementor-element elementor-element-ba21f52 elementor-section-boxed elementor-section-height-default elementor-section-height-default pxl-row-scroll-none pxl-section-overflow-visible pxl-bg-color-none pxl-section-overlay-none\" data-id=\"ba21f52\" data-element_type=\"section\" data-e-type=\"section\">\n\n                \n                <div class=\"elementor-container elementor-column-gap-default \">\n                <div class=\"elementor-column elementor-col-50 elementor-inner-column elementor-element elementor-element-ca20091 pxl-column-none pxl-column-overflow-hidden-no\" data-id=\"ca20091\" data-element_type=\"column\" data-e-type=\"column\">\r\n        <div class=\"elementor-widget-wrap elementor-element-populated\">\r\n                     \r\n        \t\t<div class=\"elementor-element elementor-element-a931009 elementor-widget elementor-widget-pxl_heading\" data-id=\"a931009\" data-element_type=\"widget\" data-e-type=\"widget\" data-widget_type=\"pxl_heading.default\">\n\t\t\t\t<div class=\"elementor-widget-container\">\n\t\t\t\t\t<div id=\"pxl-pxl_heading-a931009-8250\" class=\"pxl-heading pxl-heading--tcustom px-sub-title-default-style\">\n\t<div class=\"pxl-heading--inner\">\n\t\t\t\t\t\n\t<h3 class=\"pxl-item--title \" data-wow-delay=\"ms\">\n\tAplikace pro mobily a tablety\t\t\t\n\t<\/h3>\n\t\n<\/div>\n<\/div>\t\t\t\t<\/div>\n\t\t\t\t<\/div>\n\t\t\t\t<div class=\"elementor-element elementor-element-bf287d7 elementor-widget-divider--view-line elementor-widget elementor-widget-divider\" data-id=\"bf287d7\" data-element_type=\"widget\" data-e-type=\"widget\" data-widget_type=\"divider.default\">\n\t\t\t\t<div class=\"elementor-widget-container\">\n\t\t\t\t\t\t\t<div class=\"elementor-divider\">\n\t\t\t<span class=\"elementor-divider-separator\">\n\t\t\t\t\t\t<\/span>\n\t\t<\/div>\n\t\t\t\t\t\t<\/div>\n\t\t\t\t<\/div>\n\t\t\t\t<div class=\"elementor-element elementor-element-7afde2d elementor-widget elementor-widget-pxl_text_editor\" data-id=\"7afde2d\" data-element_type=\"widget\" data-e-type=\"widget\" data-widget_type=\"pxl_text_editor.default\">\n\t\t\t\t<div class=\"elementor-widget-container\">\n\t\t\t\t\t<div class=\"pxl-text-editor\">\n\t<div class=\"pxl-item--inner \" data-wow-delay=\"ms\">\n\t\t<p>S\u00a0mobiln\u00ed aplikac\u00ed mohou m\u00edt \u0159idi\u010di nebo dispe\u010de\u0159i p\u0159\u00edstup do databanky v\u017edy po ruce a rychle zajistit vyt\u00ed\u017een\u00ed sv\u00fdch vozidel. Aplikace nab\u00edz\u00ed intuitivn\u00ed rozhran\u00ed, kter\u00e9 umo\u017e\u0148uje snadno naj\u00edt pot\u0159ebn\u00e9 n\u00e1klady nebo dostupn\u00e1 voln\u00e1 vozidla i s\u00a0pot\u0159ebn\u00fdmi informacemi nebo m\u016f\u017ee o nov\u00fdch nab\u00eddk\u00e1ch informovat notifikacemi. Samoz\u0159ejmost\u00ed je i rychl\u00e9 zad\u00e1v\u00e1n\u00ed nab\u00eddek n\u00e1klad\u016f a voln\u00fdch vozidel.<\/p><p>Aplikace klade d\u016fraz na u\u017eivatelskou p\u0159\u00edv\u011btivost, je snadno ovladateln\u00e1 pro v\u0161echny. D\u00edky tomu se m\u016f\u017eou \u0159idi\u010di soust\u0159edit na svoji pr\u00e1ci a minimalizovat j\u00edzdy bez n\u00e1kladu.<\/p><p>V\u00fdhodou mobiln\u00ed aplikace je zas\u00edl\u00e1n\u00ed notifikac\u00ed o nov\u00fdch nab\u00eddk\u00e1ch p\u0159eprav a voln\u00fdch vozidel v\u00a0databance. U\u017eivatel je tak v\u010das informov\u00e1n o nov\u00fdch nab\u00eddk\u00e1ch, kter\u00e9 po\u017eaduje.<\/p>\t\t\n\t<\/div>\n<\/div>\t\t\t\t<\/div>\n\t\t\t\t<\/div>\n\t\t            <\/div>\r\n        <\/div>\r\n                <div class=\"elementor-column elementor-col-50 elementor-inner-column elementor-element elementor-element-beee66b pxl-column-none pxl-column-overflow-hidden-no\" data-id=\"beee66b\" data-element_type=\"column\" data-e-type=\"column\">\r\n        <div class=\"elementor-widget-wrap elementor-element-populated\">\r\n                     \r\n        \t\t<div class=\"elementor-element elementor-element-aeb13a6 elementor-widget elementor-widget-pxl_image\" data-id=\"aeb13a6\" data-element_type=\"widget\" data-e-type=\"widget\" data-widget_type=\"pxl_image.default\">\n\t\t\t\t<div class=\"elementor-widget-container\">\n\t\t\t\t\t<div id=\"pxl_image-aeb13a6-1823\" class=\"pxl-image-single  style-default \" data-wow-delay=\"ms\" >\r\n    <div class=\"pxl-item--inner \" data-wow-delay=\"120ms\">\r\n        \r\n                                <div class=\"pxl-item--image\" data-parallax-value=\"\">\r\n                                                    <img fetchpriority=\"high\" decoding=\"async\" width=\"1750\" height=\"877\" src=\"https:\/\/raal.janlankas.com\/trans\/wp-content\/uploads\/2024\/08\/ios.jpg\" class=\"no-lazyload attachment-full\" alt=\"\" \/>                                            <\/div>\r\n                            \r\n            <\/div>\r\n<\/div>\t\t\t\t<\/div>\n\t\t\t\t<\/div>\n\t\t            <\/div>\r\n        <\/div>\r\n        \t\t\t<\/div>\n\t\t<\/section>\n\t\t\t\t<div class=\"elementor-element elementor-element-e05c064 elementor-widget elementor-widget-pxl_heading\" data-id=\"e05c064\" data-element_type=\"widget\" data-e-type=\"widget\" data-widget_type=\"pxl_heading.default\">\n\t\t\t\t<div class=\"elementor-widget-container\">\n\t\t\t\t\t<div id=\"pxl-pxl_heading-e05c064-6193\" class=\"pxl-heading pxl-heading--tcustom px-sub-title-default-style\">\n\t<div class=\"pxl-heading--inner\">\n\t\t\t\t\t\n\t<h3 class=\"pxl-item--title \" data-wow-delay=\"ms\">\n\tAplikace nab\u00edz\u00ed:\t\t\t\n\t<\/h3>\n\t\n<\/div>\n<\/div>\t\t\t\t<\/div>\n\t\t\t\t<\/div>\n\t\t\t\t<div class=\"elementor-element elementor-element-c735f8b elementor-widget-divider--view-line elementor-widget elementor-widget-divider\" data-id=\"c735f8b\" data-element_type=\"widget\" data-e-type=\"widget\" data-widget_type=\"divider.default\">\n\t\t\t\t<div class=\"elementor-widget-container\">\n\t\t\t\t\t\t\t<div class=\"elementor-divider\">\n\t\t\t<span class=\"elementor-divider-separator\">\n\t\t\t\t\t\t<\/span>\n\t\t<\/div>\n\t\t\t\t\t\t<\/div>\n\t\t\t\t<\/div>\n\t\t        <section class=\"elementor-section elementor-inner-section elementor-element elementor-element-9d34257 elementor-section-boxed elementor-section-height-default elementor-section-height-default pxl-row-scroll-none pxl-section-overflow-visible pxl-bg-color-none pxl-section-overlay-none\" data-id=\"9d34257\" data-element_type=\"section\" data-e-type=\"section\">\n\n                \n                <div class=\"elementor-container elementor-column-gap-default \">\n                <div class=\"elementor-column elementor-col-50 elementor-inner-column elementor-element elementor-element-ddd5d70 pxl-column-none pxl-column-overflow-hidden-no\" data-id=\"ddd5d70\" data-element_type=\"column\" data-e-type=\"column\">\r\n        <div class=\"elementor-widget-wrap elementor-element-populated\">\r\n                     \r\n        \t\t<div class=\"elementor-element elementor-element-4cb0881 elementor-widget elementor-widget-pxl_list\" data-id=\"4cb0881\" data-element_type=\"widget\" data-e-type=\"widget\" data-widget_type=\"pxl_list.default\">\n\t\t\t\t<div class=\"elementor-widget-container\">\n\t\t\t\t\t    <div class=\"pxl-list pxl-list1 \" data-wow-delay=\"ms\">\r\n                    <div class=\"pxl--item\">\r\n                                    <div class=\"pxl-item--icon pxl-mr-8 \">\r\n                        <i aria-hidden=\"true\" class=\"fas fa-hand-point-right\"><\/i>                    <\/div>\r\n                                <div class=\"pxl-item--text el-empty\">zad\u00e1v\u00e1n\u00ed vlastn\u00edch nab\u00eddek p\u0159eprav a voln\u00fdch voz\u016f<\/div>\r\n            <\/div>\r\n                    <div class=\"pxl--item\">\r\n                                    <div class=\"pxl-item--icon pxl-mr-8 \">\r\n                        <i aria-hidden=\"true\" class=\"fas fa-hand-point-right\"><\/i>                    <\/div>\r\n                                <div class=\"pxl-item--text el-empty\">prohl\u00ed\u017een\u00ed nab\u00eddek p\u0159eprav a voln\u00fdch voz\u016f od ostatn\u00edch u\u017eivatel\u016f databanky<\/div>\r\n            <\/div>\r\n                    <div class=\"pxl--item\">\r\n                                    <div class=\"pxl-item--icon pxl-mr-8 \">\r\n                        <i aria-hidden=\"true\" class=\"fas fa-hand-point-right\"><\/i>                    <\/div>\r\n                                <div class=\"pxl-item--text el-empty\">zas\u00edl\u00e1n\u00ed notifikac\u00ed o nov\u00fdch nab\u00eddk\u00e1ch v databance<\/div>\r\n            <\/div>\r\n                    <div class=\"pxl--item\">\r\n                                    <div class=\"pxl-item--icon pxl-mr-8 \">\r\n                        <i aria-hidden=\"true\" class=\"fas fa-hand-point-right\"><\/i>                    <\/div>\r\n                                <div class=\"pxl-item--text el-empty\">zobrazen\u00ed trasy dohledan\u00e9 nab\u00eddky na Google maps<\/div>\r\n            <\/div>\r\n                    <div class=\"pxl--item\">\r\n                                    <div class=\"pxl-item--icon pxl-mr-8 \">\r\n                        <i aria-hidden=\"true\" class=\"fas fa-hand-point-right\"><\/i>                    <\/div>\r\n                                <div class=\"pxl-item--text el-empty\">posl\u00e1n\u00ed e-mail\u016f nebo sms zpr\u00e1v p\u0159\u00edmo a jednodu\u0161e z aplikace<\/div>\r\n            <\/div>\r\n                    <div class=\"pxl--item\">\r\n                                    <div class=\"pxl-item--icon pxl-mr-8 \">\r\n                        <i aria-hidden=\"true\" class=\"fas fa-hand-point-right\"><\/i>                    <\/div>\r\n                                <div class=\"pxl-item--text el-empty\">vyhled\u00e1v\u00e1n\u00ed u\u017eivatel\u016f se v\u0161emi detaily a kontakty<\/div>\r\n            <\/div>\r\n                    <div class=\"pxl--item\">\r\n                                    <div class=\"pxl-item--icon pxl-mr-8 \">\r\n                        <i aria-hidden=\"true\" class=\"fas fa-hand-point-right\"><\/i>                    <\/div>\r\n                                <div class=\"pxl-item--text el-empty\">rychl\u00e9 vyt\u00e1\u010den\u00ed telefonn\u00edch \u010d\u00edsel<\/div>\r\n            <\/div>\r\n                    <div class=\"pxl--item\">\r\n                                    <div class=\"pxl-item--icon pxl-mr-8 \">\r\n                        <i aria-hidden=\"true\" class=\"fas fa-hand-point-right\"><\/i>                    <\/div>\r\n                                <div class=\"pxl-item--text el-empty\">p\u0159ehledn\u011bj\u0161\u00ed zobrazen\u00ed nab\u00eddek na kart\u00e1ch<\/div>\r\n            <\/div>\r\n                    <div class=\"pxl--item\">\r\n                                    <div class=\"pxl-item--icon pxl-mr-8 \">\r\n                        <i aria-hidden=\"true\" class=\"fas fa-hand-point-right\"><\/i>                    <\/div>\r\n                                <div class=\"pxl-item--text el-empty\">editaci nastaven\u00ed obsahu karty nab\u00eddky<\/div>\r\n            <\/div>\r\n                    <div class=\"pxl--item\">\r\n                                    <div class=\"pxl-item--icon pxl-mr-8 \">\r\n                        <i aria-hidden=\"true\" class=\"fas fa-hand-point-right\"><\/i>                    <\/div>\r\n                                <div class=\"pxl-item--text el-empty\">p\u0159ep\u00edn\u00e1n\u00ed mezi sv\u011btl\u00fdm a tmav\u00fdm re\u017eimem<\/div>\r\n            <\/div>\r\n            <\/div>\r\n\t\t\t\t<\/div>\n\t\t\t\t<\/div>\n\t\t            <\/div>\r\n        <\/div>\r\n                <div class=\"elementor-column elementor-col-50 elementor-inner-column elementor-element elementor-element-ffc856d pxl-column-none pxl-column-overflow-hidden-no\" data-id=\"ffc856d\" data-element_type=\"column\" data-e-type=\"column\">\r\n        <div class=\"elementor-widget-wrap elementor-element-populated\">\r\n                     \r\n        \t\t<div class=\"elementor-element elementor-element-1354874 elementor-widget elementor-widget-pxl_video_player\" data-id=\"1354874\" data-element_type=\"widget\" data-e-type=\"widget\" data-widget_type=\"pxl_video_player.default\">\n\t\t\t\t<div class=\"elementor-widget-container\">\n\t\t\t\t\t<div class=\"pxl-video-player pxl-video-player1 pxl-video-style1 \" data-wow-delay=\"ms\">\r\n    <div class=\"pxl-video--inner\">\r\n                    <div class=\"pxl-video--holder\">\r\n                                    <div class=\"pxl-video--imagebg bg-image\" style=\"background-image: url(https:\/\/raal.janlankas.com\/trans\/wp-content\/uploads\/2024\/07\/2-scaled.jpg);\"><\/div>\r\n                            <\/div>\r\n                            <div class=\"btn-video-wrap p-center\">\r\n                <a class=\"btn-video style1\" href=\"https:\/\/www.youtube.com\/watch?v=3KywzE3-EXE\">\r\n                                            <i class=\"caseicon-play1\"><\/i>\r\n                                    <\/a>\r\n                            <\/div>\r\n            <\/div>\r\n<\/div>\t\t\t\t<\/div>\n\t\t\t\t<\/div>\n\t\t\t\t<div class=\"elementor-element elementor-element-352103b elementor-widget__width-auto elementor-widget elementor-widget-pxl_image\" data-id=\"352103b\" data-element_type=\"widget\" data-e-type=\"widget\" data-widget_type=\"pxl_image.default\">\n\t\t\t\t<div class=\"elementor-widget-container\">\n\t\t\t\t\t<div id=\"pxl_image-352103b-4083\" class=\"pxl-image-single  style-default \" data-wow-delay=\"ms\" >\r\n    <div class=\"pxl-item--inner \" data-wow-delay=\"120ms\">\r\n        \r\n                                <div class=\"pxl-item--image\" data-parallax-value=\"\">\r\n                        <a href=\"https:\/\/apps.apple.com\/cz\/app\/raaltrans\/id6476616118?l=cs\">                            <img decoding=\"async\" width=\"1915\" height=\"641\" src=\"https:\/\/raal.janlankas.com\/trans\/wp-content\/uploads\/2024\/09\/apple.png\" class=\"no-lazyload attachment-full\" alt=\"\" \/>                        <\/a>                    <\/div>\r\n                            \r\n            <\/div>\r\n<\/div>\t\t\t\t<\/div>\n\t\t\t\t<\/div>\n\t\t\t\t<div class=\"elementor-element elementor-element-4852107 elementor-widget__width-initial elementor-widget elementor-widget-pxl_image\" data-id=\"4852107\" data-element_type=\"widget\" data-e-type=\"widget\" data-widget_type=\"pxl_image.default\">\n\t\t\t\t<div class=\"elementor-widget-container\">\n\t\t\t\t\t<div id=\"pxl_image-4852107-3508\" class=\"pxl-image-single  style-default \" data-wow-delay=\"ms\" >\r\n    <div class=\"pxl-item--inner \" data-wow-delay=\"120ms\">\r\n        \r\n                                <div class=\"pxl-item--image\" data-parallax-value=\"\">\r\n                        <a href=\"https:\/\/play.google.com\/store\/apps\/details?id=com.raaltrans.www.twa&amp;hl=cs&amp;pli=1\" target=\"_blank\">                            <img decoding=\"async\" width=\"646\" height=\"250\" src=\"https:\/\/raal.janlankas.com\/trans\/wp-content\/uploads\/2024\/09\/google-play.png\" class=\"no-lazyload attachment-full\" alt=\"\" \/>                        <\/a>                    <\/div>\r\n                            \r\n            <\/div>\r\n<\/div>\t\t\t\t<\/div>\n\t\t\t\t<\/div>\n\t\t            <\/div>\r\n        <\/div>\r\n        \t\t\t<\/div>\n\t\t<\/section>\n\t\t            <\/div>\r\n        <\/div>\r\n        \t\t\t<\/div>\n\t\t<\/section>\n\t\t        <section class=\"elementor-section elementor-top-section elementor-element elementor-element-48f45eb elementor-section-boxed elementor-section-height-default elementor-section-height-default pxl-row-scroll-none pxl-section-overflow-visible pxl-bg-color-none pxl-section-overlay-none\" data-id=\"48f45eb\" data-element_type=\"section\" data-e-type=\"section\">\n\n                \n                <div class=\"elementor-container elementor-column-gap-default \">\n                <div class=\"elementor-column elementor-col-33 elementor-top-column elementor-element elementor-element-41d5344 pxl-column-none pxl-column-overflow-hidden-no\" data-id=\"41d5344\" data-element_type=\"column\" data-e-type=\"column\">\r\n        <div class=\"elementor-widget-wrap elementor-element-populated\">\r\n                     \r\n        \t\t<div class=\"elementor-element elementor-element-5f0b208 elementor-widget elementor-widget-image\" data-id=\"5f0b208\" data-element_type=\"widget\" data-e-type=\"widget\" data-widget_type=\"image.default\">\n\t\t\t\t<div class=\"elementor-widget-container\">\n\t\t\t\t\t\t\t\t\t\t\t\t\t\t\t<img loading=\"lazy\" decoding=\"async\" width=\"576\" height=\"1024\" src=\"https:\/\/raal.janlankas.com\/trans\/wp-content\/uploads\/2025\/04\/mobil_obrazek_1-576x1024.png\" class=\"attachment-large size-large wp-image-11839\" alt=\"\" srcset=\"https:\/\/raal.janlankas.com\/trans\/wp-content\/uploads\/2025\/04\/mobil_obrazek_1-576x1024.png 576w, https:\/\/raal.janlankas.com\/trans\/wp-content\/uploads\/2025\/04\/mobil_obrazek_1-169x300.png 169w, https:\/\/raal.janlankas.com\/trans\/wp-content\/uploads\/2025\/04\/mobil_obrazek_1-768x1365.png 768w, https:\/\/raal.janlankas.com\/trans\/wp-content\/uploads\/2025\/04\/mobil_obrazek_1-864x1536.png 864w, https:\/\/raal.janlankas.com\/trans\/wp-content\/uploads\/2025\/04\/mobil_obrazek_1-399x710.png 399w, https:\/\/raal.janlankas.com\/trans\/wp-content\/uploads\/2025\/04\/mobil_obrazek_1.png 1080w\" sizes=\"(max-width: 576px) 100vw, 576px\" \/>\t\t\t\t\t\t\t\t\t\t\t\t\t\t\t<\/div>\n\t\t\t\t<\/div>\n\t\t            <\/div>\r\n        <\/div>\r\n                <div class=\"elementor-column elementor-col-33 elementor-top-column elementor-element elementor-element-7e25494 pxl-column-none pxl-column-overflow-hidden-no\" data-id=\"7e25494\" data-element_type=\"column\" data-e-type=\"column\">\r\n        <div class=\"elementor-widget-wrap elementor-element-populated\">\r\n                     \r\n        \t\t<div class=\"elementor-element elementor-element-0edfc8d elementor-widget elementor-widget-image\" data-id=\"0edfc8d\" data-element_type=\"widget\" data-e-type=\"widget\" data-widget_type=\"image.default\">\n\t\t\t\t<div class=\"elementor-widget-container\">\n\t\t\t\t\t\t\t\t\t\t\t\t\t\t\t<img loading=\"lazy\" decoding=\"async\" width=\"576\" height=\"1024\" src=\"https:\/\/raal.janlankas.com\/trans\/wp-content\/uploads\/2025\/04\/mobil_obrazek_2-576x1024.png\" class=\"attachment-large size-large wp-image-11840\" alt=\"\" srcset=\"https:\/\/raal.janlankas.com\/trans\/wp-content\/uploads\/2025\/04\/mobil_obrazek_2-576x1024.png 576w, https:\/\/raal.janlankas.com\/trans\/wp-content\/uploads\/2025\/04\/mobil_obrazek_2-169x300.png 169w, https:\/\/raal.janlankas.com\/trans\/wp-content\/uploads\/2025\/04\/mobil_obrazek_2-768x1365.png 768w, https:\/\/raal.janlankas.com\/trans\/wp-content\/uploads\/2025\/04\/mobil_obrazek_2-864x1536.png 864w, https:\/\/raal.janlankas.com\/trans\/wp-content\/uploads\/2025\/04\/mobil_obrazek_2-399x710.png 399w, https:\/\/raal.janlankas.com\/trans\/wp-content\/uploads\/2025\/04\/mobil_obrazek_2.png 1080w\" sizes=\"(max-width: 576px) 100vw, 576px\" \/>\t\t\t\t\t\t\t\t\t\t\t\t\t\t\t<\/div>\n\t\t\t\t<\/div>\n\t\t            <\/div>\r\n        <\/div>\r\n                <div class=\"elementor-column elementor-col-33 elementor-top-column elementor-element elementor-element-872e064 pxl-column-none pxl-column-overflow-hidden-no\" data-id=\"872e064\" data-element_type=\"column\" data-e-type=\"column\">\r\n        <div class=\"elementor-widget-wrap elementor-element-populated\">\r\n                     \r\n        \t\t<div class=\"elementor-element elementor-element-6ae191c elementor-widget elementor-widget-image\" data-id=\"6ae191c\" data-element_type=\"widget\" data-e-type=\"widget\" data-widget_type=\"image.default\">\n\t\t\t\t<div class=\"elementor-widget-container\">\n\t\t\t\t\t\t\t\t\t\t\t\t\t\t\t<img loading=\"lazy\" decoding=\"async\" width=\"576\" height=\"1024\" src=\"https:\/\/raal.janlankas.com\/trans\/wp-content\/uploads\/2025\/04\/obrazek_mobilka_3_opraveno-576x1024.png\" class=\"attachment-large size-large wp-image-11841\" alt=\"\" srcset=\"https:\/\/raal.janlankas.com\/trans\/wp-content\/uploads\/2025\/04\/obrazek_mobilka_3_opraveno-576x1024.png 576w, https:\/\/raal.janlankas.com\/trans\/wp-content\/uploads\/2025\/04\/obrazek_mobilka_3_opraveno-169x300.png 169w, https:\/\/raal.janlankas.com\/trans\/wp-content\/uploads\/2025\/04\/obrazek_mobilka_3_opraveno-768x1365.png 768w, https:\/\/raal.janlankas.com\/trans\/wp-content\/uploads\/2025\/04\/obrazek_mobilka_3_opraveno-864x1536.png 864w, https:\/\/raal.janlankas.com\/trans\/wp-content\/uploads\/2025\/04\/obrazek_mobilka_3_opraveno-399x710.png 399w, https:\/\/raal.janlankas.com\/trans\/wp-content\/uploads\/2025\/04\/obrazek_mobilka_3_opraveno.png 1080w\" sizes=\"(max-width: 576px) 100vw, 576px\" \/>\t\t\t\t\t\t\t\t\t\t\t\t\t\t\t<\/div>\n\t\t\t\t<\/div>\n\t\t            <\/div>\r\n        <\/div>\r\n        \t\t\t<\/div>\n\t\t<\/section>\n\t\t\t\t<\/div>\n\t\t","protected":false},"excerpt":{"rendered":"<p>Aplikace pro mobily a tablety S\u00a0mobiln\u00ed aplikac\u00ed mohou m\u00edt \u0159idi\u010di nebo dispe\u010de\u0159i p\u0159\u00edstup do databanky v\u017edy po ruce a rychle zajistit vyt\u00ed\u017een\u00ed sv\u00fdch vozidel. Aplikace nab\u00edz\u00ed intuitivn\u00ed rozhran\u00ed, kter\u00e9 umo\u017e\u0148uje snadno naj\u00edt pot\u0159ebn\u00e9 n\u00e1klady nebo dostupn\u00e1 voln\u00e1 vozidla i s\u00a0pot\u0159ebn\u00fdmi informacemi nebo m\u016f\u017ee o nov\u00fdch nab\u00eddk\u00e1ch informovat notifikacemi. Samoz\u0159ejmost\u00ed je i rychl\u00e9 zad\u00e1v\u00e1n\u00ed nab\u00eddek n\u00e1klad\u016f [&hellip;]<\/p>\n","protected":false},"author":1,"featured_media":0,"parent":0,"menu_order":0,"comment_status":"closed","ping_status":"closed","template":"","meta":{"footnotes":""},"class_list":["post-10713","page","type-page","status-publish","hentry"],"rttpg_featured_image_url":null,"rttpg_author":{"display_name":"janlankas","author_link":"https:\/\/raal.janlankas.com\/trans\/author\/janlankas\/"},"rttpg_comment":0,"rttpg_category":" <a href=\"https:\/\/raal.janlankas.com\/trans\/\" rel=\"tag\">\u010ce\u0161tina<\/a>","rttpg_excerpt":"Aplikace pro mobily a tablety S\u00a0mobiln\u00ed aplikac\u00ed mohou m\u00edt \u0159idi\u010di nebo dispe\u010de\u0159i p\u0159\u00edstup do databanky v\u017edy po ruce a rychle zajistit vyt\u00ed\u017een\u00ed sv\u00fdch vozidel. Aplikace nab\u00edz\u00ed intuitivn\u00ed rozhran\u00ed, kter\u00e9 umo\u017e\u0148uje snadno naj\u00edt pot\u0159ebn\u00e9 n\u00e1klady nebo dostupn\u00e1 voln\u00e1 vozidla i s\u00a0pot\u0159ebn\u00fdmi informacemi nebo m\u016f\u017ee o nov\u00fdch nab\u00eddk\u00e1ch informovat notifikacemi. Samoz\u0159ejmost\u00ed je i rychl\u00e9 zad\u00e1v\u00e1n\u00ed nab\u00eddek n\u00e1klad\u016f&hellip;","_links":{"self":[{"href":"https:\/\/raal.janlankas.com\/trans\/wp-json\/wp\/v2\/pages\/10713","targetHints":{"allow":["GET"]}}],"collection":[{"href":"https:\/\/raal.janlankas.com\/trans\/wp-json\/wp\/v2\/pages"}],"about":[{"href":"https:\/\/raal.janlankas.com\/trans\/wp-json\/wp\/v2\/types\/page"}],"author":[{"embeddable":true,"href":"https:\/\/raal.janlankas.com\/trans\/wp-json\/wp\/v2\/users\/1"}],"replies":[{"embeddable":true,"href":"https:\/\/raal.janlankas.com\/trans\/wp-json\/wp\/v2\/comments?post=10713"}],"version-history":[{"count":64,"href":"https:\/\/raal.janlankas.com\/trans\/wp-json\/wp\/v2\/pages\/10713\/revisions"}],"predecessor-version":[{"id":12278,"href":"https:\/\/raal.janlankas.com\/trans\/wp-json\/wp\/v2\/pages\/10713\/revisions\/12278"}],"wp:attachment":[{"href":"https:\/\/raal.janlankas.com\/trans\/wp-json\/wp\/v2\/media?parent=10713"}],"curies":[{"name":"wp","href":"https:\/\/api.w.org\/{rel}","templated":true}]}}